Let v(t) = t**3 + 2*t**2 + 52*t + 51. Give v(0).
51
Let x(u) = -37*u**2 + 7*u + 6. Give x(-1).
-38
Let h(y) = -y**3 + 11*y**2 + 20*y - 1. What is h(14)?
-309
Let n(t) = 2374*t - 18993. Give n(8).
-1
Let q(j) = 3979*j - 19893. What is q(5)?
2
Let n(u) = 135*u + 4122. Calculate n(-31).
-63
Let y(w) = -w**3 - 14*w**2 + 96*w + 2. Determine y(-19).
-17
Let a(z) = 2*z**3 - 18*z**2 + 4*z - 27. Calculate a(9).
9
Let s(k) = 522*k + 39155. Determine s(-75).
5
Let f(u) = -675*u + 611. Determine f(1).
-64
Let v(q) = -46*q**2 - 3679*q + 109. What is v(-80)?
29
Let b(y) = -66*y - 2031. Give b(-31).
15
Let p(m) = m**3 + 5*m**2 - m. Determine p(-1).
5
Let y(c) = 15*c**2 + 1530*c + 4. Calculate y(-102).
4
Let v(k) = -87*k + 57. Calculate v(1).
-30
Let s(x) = -14*x - 458. What is s(-35)?
32
Let d(v) = -4*v**3 + 25*v**2 - 5*v - 5. Determine d(6).
1
Let d(y) = -y**3 - 13*y**2 + 76*y - 267. What is d(-18)?
-15
Let f(j) = 129*j + 741. Give f(-6).
-33
Let o(m) = 6260*m - 43819. Give o(7).
1
Let w(r) = 52*r + 1182. What is w(-26)?
-170
Let w(q) = 2*q**3 + 11*q**2 + 3*q. What is w(-3)?
36
Let s(b) = -b**3 - 9*b**2 - 11*b - 4. Calculate s(-8).
20
Let w(y) = 90*y - 217. Give w(6).
323
Let z(j) = -j**2 + 168*j - 1850. Calculate z(12).
22
Let r(i) = i**3 - 29*i**2 + i - 863. What is r(30)?
67
Let h(q) = q**3 + 16*q**2 - 60*q + 29. Determine h(-19).
86
Let a(m) = -8*m**2 + 23*m + 6. What is a(9)?
-435
Let t(g) = 2*g**2 - 114*g + 571. Give t(51).
-41
Let h(j) = j**2 + 112*j - 1568. Calculate h(13).
57
Let m(z) = -z**3 + 68*z**2 + 142*z - 137. Calculate m(70).
3
Let c(p) = p**2 + 28*p + 68. Calculate c(-25).
-7
Let y(c) = -1946*c + 204335. Determine y(105).
5
Let q(x) = 2*x**2 - 178*x - 737. Calculate q(93).
7
Let a(m) = 2*m**2 + 39*m + 93. Determine a(-16).
-19
Let y(l) = 2*l**2 + 5*l + 54. Calculate y(10).
304
Let w(z) = -86*z - 2681. Give w(-31).
-15
Let l(t) = 10*t + 16. Calculate l(7).
86
Let i(p) = -p**2 + 6*p + 23. Determine i(11).
-32
Let y(k) = -43*k - 2199. Determine y(-51).
-6
Let p(h) = -99*h - 134. What is p(-4)?
262
Let j(r) = 101*r - 324. Give j(3).
-21
Let l(r) = -15*r**2 + 5833*r + 774. Calculate l(389).
-4
Let x(w) = -7*w**2 - 44*w - 92. Calculate x(-2).
-32
Let u(p) = 19*p - 91. Determine u(12).
137
Let f(v) = 2*v**3 + 13*v**2 + 14*v + 98. Determine f(-6).
50
Let f(k) = -12*k - 9. Give f(8).
-105
Let r(c) = 15*c + 1354. Give r(-88).
34
Let d(b) = -2*b**3 - 77*b**2 - 42*b - 155. Determine d(-38).
-3
Let q(o) = 64*o + 1900. Give q(-29).
44
Let r(f) = 3*f**2 + 49*f - 17063. Calculate r(-84).
-11
Let z(i) = i**2 + 83*i - 2432. Determine z(-106).
6
Let q(l) = 29*l - 186. Determine q(9).
75
Let a(r) = 249*r**2 + 2258*r - 8. Calculate a(-9).
-161
Let x(t) = -42*t + 1557. Give x(36).
45
Let v(a) = -453*a - 2718. What is v(-6)?
0
Let h(a) = -a**3 + 5*a**2 - 15. What is h(7)?
-113
Let o(d) = -2*d**2 + 6*d + 639. Give o(-19).
-197
Let m(z) = 1420*z - 1432. Determine m(1).
-12
Let o(x) = -1657*x + 6619. Calculate o(4).
-9
Let m(r) = -467*r - 2783. Calculate m(-6).
19
Let c(w) = w**3 - 3*w**2 - 345*w + 109. Give c(20).
9
Let g(s) = s**2 - 59*s - 748. Determine g(-11).
22
Let b(o) = 2*o**3 + 96*o**2 - 308*o - 111. Determine b(-51).
-9
Let t(c) = 11*c - 156. Determine t(14).
-2
Let x(u) = 14*u**2 + 277*u - 1423. Give x(-24).
-7
Let d(g) = -7124*g - 21374. Determine d(-3).
-2
Let u(z) = -2*z**3 - 36*z**2 - 31*z + 36. What is u(-17)?
-15
Let u(j) = -101*j - 1485. Give u(-15).
30
Let p(k) = -k**3 + 11*k**2 - 15*k + 11. Determine p(9).
38
Let f(y) = 12*y**2 + 4*y - 6. Calculate f(-1).
2
Let r(w) = -5*w**3 + 6*w**2 - 1. Calculate r(-2).
63
Let y(w) = -3325*w + 26583. Give y(8).
-17
Let y(k) = 16*k - 548. Give y(14).
-324
Let r(n) = n**2 + 13*n - 117. Give r(-19).
-3
Let q(f) = -f**2 + 25*f - 100. Calculate q(21).
-16
Let q(g) = -3*g**2 - 42*g - 30. What is q(-13)?
9
Let d(v) = -2*v**2 - 73*v - 520. What is d(-10)?
10
Let r(x) = -x**2 - 48*x - 486. What is r(-16)?
26
Let k(h) = 2*h**2 + 86*h + 105. Calculate k(-34).
-507
Let v(f) = -7*f**2 - 23*f - 138. Calculate v(-5).
-198
Let s(m) = 51*m + 1830. What is s(-36)?
-6
Let f(t) = -71*t - 24. Calculate f(-3).
189
Let c(f) = -1263*f - 8907. Determine c(-7).
-66
Let x(b) = 3*b**3 + 65*b**2 - 24*b + 8. Calculate x(-22).
52
Let f(h) = h**2 + 46*h + 61. Give f(-40).
-179
Let s(o) = 73*o + 5111. Determine s(-70).
1
Let l(w) = -97*w + 5742. Give l(59).
19
Let l(s) = -3*s**2 - 190*s + 521. What is l(-66)?
-7
Let i(p) = 10*p**2 + 230*p + 32. Calculate i(-23).
32
Let k(o) = 396*o - 20559. Determine k(52).
33
Let h(m) = -284*m + 1705. What is h(6)?
1
Let s(m) = -19*m + 67. Determine s(-2).
105
Let l(r) = -34*r**2 - 234*r. Give l(-7).
-28
Let d(h) = 8*h**2 + 7*h + 11. What is d(5)?
246
Let l(g) = 12184*g + 12198. Determine l(-1).
14
Let r(b) = b**3 + 5*b**2 + 46*b + 156. Give r(-4).
-12
Let h(u) = u**3 + 7*u**2 + u - 2. What is h(-7)?
-9
Let x(h) = -37*h + 369. Determine x(10).
-1
Let w(j) = -76*j + 433. What is w(5)?
53
Let u(i) = -12*i**3 + 2*i + 6. Determine u(-2).
98
Let w(z) = -z**2 + 16*z + 479. Give w(39).
-418
Let r(b) = -4*b**2 + 85*b + 25. Calculate r(22).
-41
Let i(w) = -w**3 - 16*w**2 - 9*w - 76. What is i(-17)?
366
Let g(t) = -2*t**2 + 17*t - 9. Determine g(0).
-9
Let r(b) = -29*b - 49. Calculate r(1).
-78
Let v(p) = -2*p**2 + 11*p - 39. What is v(7)?
-60
Let q(z) = -269*z + 8886. Give q(33).
9
Let o(l) = 102*l - 19. What is o(2)?
185
Let j(c) = 1830*c + 3670. Calculate j(-2).
10
Let x(j) = j**3 + 29*j**2 + 200*j + 32. What is x(-11)?
10
Let g(c) = 233*c - 224. Give g(1).
9
Let z(s) = s**3 - 19*s**2 - 152*s + 45. What is z(25)?
-5
Let n(r) = 41*r + 1322. Determine n(-32).
10
Let m(j) = j**3 - 130*j**2 + 530*j - 3269. What is m(126)?
7
Let c(o) = o**3 + 107*o**2 - 678*o - 57. Give c(-113).
-57
Let p(t) = 2*t**3 - 72*t**2 + 135*t + 29. Determine p(34).
-5
Let b(a) = a**3 + 13*a**2 - 37*a + 22. Calculate b(-14).
344
Let q(v) = 2*v**2 + 750*v - 3032. What is q(4)?
0
Let r(n) = -n**3 - 60*n**2 - 12*n - 327. Determine r(-60).
393
Let r(m) = -187*m + 22993. Give r(123).
-8
Let t(v) = 388*v + 11291. What is t(-29)?
39
Let j(z) = -2375*z + 11845. Determine j(5).
-30
Let g(x) = -x**2 - 53*x + 8. Calculate g(-35).
638
Let t(r) = r**3 + 19*r**2 + 9*r + 182. Give t(-19).
11
Let s(v) = v**3 - 9*v**2 - 11*v + 131. Give s(8).
-21
Let j(u) = -322*u - 20301. Determine j(-63).
-15
Let q(r) = -11*r**2 + 19*r + 46. Determine q(3).
4
Let j(c) = -c**2 - 211*c - 10433. Calculate j(-78).
-59
Let d(m) = 12*m**2 - 18*m + 51. What is d(3)?
105
Let i(p) = 127*p - 550. Determine i(4).
-42
Let a(f) = 2*f**3 - 12*f**2 - 86*f + 447. What is a(8)?
15
Let m(d) = 175*d - 1150. Give m(9).
425
Let q(l) = -17*l**3 + 11*l**2 + 43*l + 48. Give q(-3).
477
Let v(y) = -16*y + 1457. What is v(106)?
-239
Let q(v) = v**2 + 1118*v - 5621. Determine q(5).
-6
Let h(s) = 22*s - 51. Calculate h(4).
37
Let v(g) = 5*g**3 + 145*g**2 - 6*g - 182. What is v(-29)?
-8
Let v(q) = q**2 + 57*q - 284. Calculate v(-60).
-104
Let b(y) = y**2 + 1401*y - 7026. What is b(5)?
4
Let i(t) = -t**3 + 44*t**2 - 80*t - 46. Determine i(42).
122
Let i(f) = 492*f + 27551. Give i(-56).
-1
Let w(j) = j**3 - 50*j**2 - 70*j - 29. Give w(51).
-998
Let m(w) = -123*w - 394. Determine m(-9).
713
Let b(s) = -s**3 - 3*s**2 + 12*s + 8. Calculate b(0).
8
Let s(w) = -w**3 + 5*w**2 + w - 4. Calculate s(3).
17
Let c(z) = 5*z + 5. Determine c(9).
50
Let b(u) = -95*u - 2192. Determine b(-23).
-7
Let b(q) = -1910*q + 5763. Determine b(3).
33
Let l(k) = -2016*k + 14098. Give l(7).
-14
Let s(n) = -50*n - 48. Give s(-2).
52
Let q(s) = 10*s**3 + 5*s**2 - 35*s - 6. Determine q(-4).
-426
Let w(q) = q**3 - 17*q**2 + 19*q - 39. Determine w(16).
9
Let a(l) = 16*l**2 + 2303*l - 135. Calculate a(-144).
9
Let k(r) = 8*r**2 + 1368*r - 27217. What is k(-189)?
-1
Let s(g) = 13*g**2 + 11*g - 43. What is s(4)?
209
Let u(q) = 80*q - 3132. Give u(39).
-12
Let d(q) = -44*q**2 + 137*q - 11. Calculate d(3).
4
Let t(x) = -6*x**2 + 147*x - 59. Determine t(24).
13
Let s(b) = 205*b - 1843. Calculate s(9).
2
Let n(l) = l**3 + 48*l**2 + 3*l + 119. What is n(-48)?
-25
Let f(n) = n**3 + 38*n**2 + 38*n + 182. Give f(-37).
145
Let q(t) = -2*t**2 + 12*t - 25. What is q(5)?
-15
Let a(w) = 2*w**3 + w**2 - 22*w + 1. Calculate a(3).
-2
Let g(j) = 2*j**3 